{"id":40,"date":"2014-03-31T18:17:59","date_gmt":"2014-03-31T16:17:59","guid":{"rendered":"http:\/\/carolinewijk.se\/?page_id=40"},"modified":"2024-01-24T10:12:01","modified_gmt":"2024-01-24T09:12:01","slug":"kontakt","status":"publish","type":"page","link":"https:\/\/carolinewijk.se\/?page_id=40","title":{"rendered":"Kontakt"},"content":{"rendered":"<p>Kontakt<b><br \/>\n<\/b>Caroline Wijks Sjuksk\u00f6terskehem<br \/>\nVasa Kyrkogata 5<br \/>\n411 27 G\u00f6teborg<\/p>\n<p>Telefon: 031-701 66 43<br \/>\nF\u00f6rest\u00e5ndare: Glenn Johannesson<\/p>\n<p>E-post: glenn.johannesson@sbc.se<\/p>\n<p><a href=\"https:\/\/carolinewijk.se\/wp-content\/uploads\/2019\/03\/ansokning-uppsagnings-blankett.pdf[\">Ans\u00f6knings och upps\u00e4gningsblankett<\/a><\/p>\n","protected":false},"excerpt":{"rendered":"<p>Kontakt Caroline Wijks Sjuksk\u00f6terskehem Vasa Kyrkogata 5 411 27 G\u00f6teborg Telefon: 031-701 66 43 F\u00f6rest\u00e5ndare: Glenn Johannesson E-post: glenn.johannesson@sbc.se Ans\u00f6knings och upps\u00e4gningsblankett<\/p>\n","protected":false},"author":3,"featured_media":0,"parent":0,"menu_order":0,"comment_status":"closed","ping_status":"closed","template":"","meta":{"_exactmetrics_skip_tracking":false,"_exactmetrics_sitenote_active":false,"_exactmetrics_sitenote_note":"","_exactmetrics_sitenote_category":0,"footnotes":""},"class_list":["post-40","page","type-page","status-publish","hentry"],"_links":{"self":[{"href":"https:\/\/carolinewijk.se\/index.php?rest_route=\/wp\/v2\/pages\/40","targetHints":{"allow":["GET"]}}],"collection":[{"href":"https:\/\/carolinewijk.se\/index.php?rest_route=\/wp\/v2\/pages"}],"about":[{"href":"https:\/\/carolinewijk.se\/index.php?rest_route=\/wp\/v2\/types\/page"}],"author":[{"embeddable":true,"href":"https:\/\/carolinewijk.se\/index.php?rest_route=\/wp\/v2\/users\/3"}],"replies":[{"embeddable":true,"href":"https:\/\/carolinewijk.se\/index.php?rest_route=%2Fwp%2Fv2%2Fcomments&post=40"}],"version-history":[{"count":13,"href":"https:\/\/carolinewijk.se\/index.php?rest_route=\/wp\/v2\/pages\/40\/revisions"}],"predecessor-version":[{"id":857,"href":"https:\/\/carolinewijk.se\/index.php?rest_route=\/wp\/v2\/pages\/40\/revisions\/857"}],"wp:attachment":[{"href":"https:\/\/carolinewijk.se\/index.php?rest_route=%2Fwp%2Fv2%2Fmedia&parent=40"}],"curies":[{"name":"wp","href":"https:\/\/api.w.org\/{rel}","templated":true}]}}