{"id":25,"date":"2015-03-23T07:51:48","date_gmt":"2015-03-23T06:51:48","guid":{"rendered":"http:\/\/carolinewijk.se\/?page_id=25"},"modified":"2019-04-01T15:20:09","modified_gmt":"2019-04-01T13:20:09","slug":"valkommen-till-caroline-wijks-sjukskoterskehem","status":"publish","type":"page","link":"https:\/\/carolinewijk.se\/","title":{"rendered":""},"content":{"rendered":"\n<h2 class=\"wp-block-heading\"> <br> Caroline Wijks sjuksk\u00f6terskehem i G\u00f6teborg firar 100 \u00e5r <\/h2>\n\n\n\n<p><br><\/p>\n\n\n\n<p>\u00c5r 1919 invigdes Caroline Wijks sjuksk\u00f6terskehem som ett hem f\u00f6r sjuksk\u00f6terskor som beh\u00f6vde boende och en fast punkt mellan sina anst\u00e4llningar. 100 \u00e5r senare bedrivs verksamhet fortfarande i huset men i en annan form och med ett delvis annat syfte, i takt med de samh\u00e4llsf\u00f6r\u00e4ndringar som intr\u00e4ffat. Huset har utvecklats till boende f\u00f6r studenter med v\u00e5rdanknytning. Studerande till sjuksk\u00f6terska har f\u00f6retr\u00e4de vid rumstilldelning. <\/p>\n\n\n\n<p><br><\/p>\n\n\n\n<h4 class=\"wp-block-heading\">Stiftelsen Caroline Wijks Sjuksk\u00f6terskehem kommer att uppm\u00e4rksamma jubileet med \u00f6ppet hus p\u00e5 internationella sjuksk\u00f6terskedagen den 12 maj 2019 samt med seminarier den 13 maj. <\/h4>\n\n\n\n<hr class=\"wp-block-separator\"\/>\n\n\n\n<h4 class=\"wp-block-heading\">Program 12 maj<\/h4>\n\n\n\n<p>12:00-18:00 &nbsp;&nbsp;&nbsp; \u00d6ppet\nhus med m\u00f6jlighet till rundvandring. L\u00e4ttare f\u00f6rt\u00e4ring bjuds.<\/p>\n\n\n\n<p style=\"text-align:left\">14:00&nbsp;&nbsp;&nbsp;&nbsp;&nbsp;&nbsp;&nbsp;&nbsp;&nbsp;&nbsp;&nbsp;&nbsp;&nbsp;&nbsp;&nbsp;&nbsp;&nbsp; Kerstin Segesten, Professor Emerita i v\u00e5rdvetenskap.         F\u00f6rfattare till boken \u201dSystrar att hyra\u201d, om sjuksk\u00f6terskans vardag 1919. <br><\/p>\n\n\n\n<p>15:00&nbsp;&nbsp;&nbsp;&nbsp;&nbsp;&nbsp;&nbsp;&nbsp;&nbsp;&nbsp;&nbsp;&nbsp;&nbsp;&nbsp;&nbsp;&nbsp;&nbsp; Sara Heyman,  Sjuksk\u00f6terska, journalist och f\u00f6rfattare. F\u00f6rfattare till boken \u201dSjukt syster\u201d, om sjuksk\u00f6terskans vardag 2019.<\/p>\n\n\n\n<h4 class=\"wp-block-heading\">Program 13 maj<\/h4>\n\n\n\n<p>14:00 &nbsp;&nbsp;&nbsp;&nbsp;&nbsp;&nbsp;&nbsp;&nbsp;&nbsp;&nbsp;&nbsp;&nbsp;&nbsp;&nbsp;&nbsp;&nbsp; Ami Hommel, ordf\u00f6rande Svensk sjuksk\u00f6terskef\u00f6rening, f\u00f6rel\u00e4ser om Svensk sjuksk\u00f6terskef\u00f6renings historia och professionens och omv\u00e5rdandens utveckling <\/p>\n\n\n\n<p>15:00 &nbsp;&nbsp;&nbsp;&nbsp;&nbsp;&nbsp;&nbsp;&nbsp;&nbsp;&nbsp;&nbsp;&nbsp;&nbsp;&nbsp;&nbsp;&nbsp; F\u00f6rel\u00e4sning&nbsp; om Sjuksk\u00f6terskeutbildningens utveckling och\nframtid.<\/p>\n\n\n\n<hr class=\"wp-block-separator\"\/>\n\n\n\n<p class=\"has-text-color has-very-dark-gray-color\"><strong>Om du \u00f6nskar delta den 13 maj vill vi ha din anm\u00e4lan senast den 9 maj till <\/strong><\/p>\n\n\n\n<p class=\"has-text-color has-very-dark-gray-color\"><a href=\"mailto:mats.svensson@ostra.goteborg.se\">mats.svensson@ostra.goteborg.se<\/a>, 0728-565969 eller  <br><a href=\"mailto:ann-catrin.ahlgren@vardforbundet.se\">ann-catrin.ahlgren@vardforbundet.se<\/a>, 031-725 28 02   <br><\/p>\n","protected":false},"excerpt":{"rendered":"<p>Caroline Wijks sjuksk\u00f6terskehem i G\u00f6teborg firar 100 \u00e5r \u00c5r 1919 invigdes Caroline Wijks sjuksk\u00f6terskehem som ett hem f\u00f6r sjuksk\u00f6terskor som beh\u00f6vde boende och en fast punkt mellan sina anst\u00e4llningar. 100 \u00e5r senare bedrivs verksamhet fortfarande i huset men i en annan form och med ett delvis annat syfte, i takt med de samh\u00e4llsf\u00f6r\u00e4ndringar som intr\u00e4ffat. [&hellip;]<\/p>\n","protected":false},"author":3,"featured_media":0,"parent":0,"menu_order":0,"comment_status":"closed","ping_status":"closed","template":"","meta":{"_exactmetrics_skip_tracking":false,"_exactmetrics_sitenote_active":false,"_exactmetrics_sitenote_note":"","_exactmetrics_sitenote_category":0,"footnotes":""},"class_list":["post-25","page","type-page","status-publish","hentry"],"_links":{"self":[{"href":"https:\/\/carolinewijk.se\/index.php?rest_route=\/wp\/v2\/pages\/25","targetHints":{"allow":["GET"]}}],"collection":[{"href":"https:\/\/carolinewijk.se\/index.php?rest_route=\/wp\/v2\/pages"}],"about":[{"href":"https:\/\/carolinewijk.se\/index.php?rest_route=\/wp\/v2\/types\/page"}],"author":[{"embeddable":true,"href":"https:\/\/carolinewijk.se\/index.php?rest_route=\/wp\/v2\/users\/3"}],"replies":[{"embeddable":true,"href":"https:\/\/carolinewijk.se\/index.php?rest_route=%2Fwp%2Fv2%2Fcomments&post=25"}],"version-history":[{"count":43,"href":"https:\/\/carolinewijk.se\/index.php?rest_route=\/wp\/v2\/pages\/25\/revisions"}],"predecessor-version":[{"id":325,"href":"https:\/\/carolinewijk.se\/index.php?rest_route=\/wp\/v2\/pages\/25\/revisions\/325"}],"wp:attachment":[{"href":"https:\/\/carolinewijk.se\/index.php?rest_route=%2Fwp%2Fv2%2Fmedia&parent=25"}],"curies":[{"name":"wp","href":"https:\/\/api.w.org\/{rel}","templated":true}]}}